{"id":11,"date":"2024-10-19T19:39:09","date_gmt":"2024-10-19T19:39:09","guid":{"rendered":"https:\/\/depaseoporlavida.org\/?page_id=11"},"modified":"2024-12-20T18:56:46","modified_gmt":"2024-12-20T18:56:46","slug":"home","status":"publish","type":"page","link":"https:\/\/depaseoporlavida.org\/es\/","title":{"rendered":"Inicio"},"content":{"rendered":"<div data-elementor-type=\"wp-page\" data-elementor-id=\"11\" class=\"elementor elementor-11\">\n\t\t\t\t<div class=\"elementor-element elementor-element-26172eb e-con-full e-flex e-con e-parent\" data-id=\"26172eb\" data-element_type=\"container\" data-e-type=\"container\" data-settings=\"{&quot;background_background&quot;:&quot;classic&quot;}\">\n\t\t<div class=\"elementor-element elementor-element-c23c781 e-con-full e-flex e-con e-child\" data-id=\"c23c781\" data-element_type=\"container\" data-e-type=\"container\">\n\t\t\t\t<div class=\"elementor-element elementor-element-32efd42 elementor-widget elementor-widget-text-editor\" data-id=\"32efd42\" data-element_type=\"widget\" data-e-type=\"widget\" data-widget_type=\"text-editor.default\">\n\t\t\t\t<div class=\"elementor-widget-container\">\n\t\t\t\t\t\t\t\t\t<p>Para nosotros  \nPASEAR implica observar, escuchar, sentir, inclusive pensar, \nreflexionar, transformar y por supuesto, hacerlo en actitud perceptiva\u2026\nHacerlo para aprender. \nLes pregunto, \u00bfno es esa la raz\u00f3n de vivir?<\/p><p>Doing it to learn. I ask you, isn&#8217;t that the reason for living?<\/p>\t\t\t\t\t\t\t\t<\/div>\n\t\t\t\t<\/div>\n\t\t\t\t<\/div>\n\t\t<div class=\"elementor-element elementor-element-be277f8 e-con-full e-flex e-con e-child\" data-id=\"be277f8\" data-element_type=\"container\" data-e-type=\"container\">\n\t\t\t\t<div class=\"elementor-element elementor-element-e20c94f elementor-widget elementor-widget-heading\" data-id=\"e20c94f\" data-element_type=\"widget\" data-e-type=\"widget\" data-widget_type=\"heading.default\">\n\t\t\t\t<div class=\"elementor-widget-container\">\n\t\t\t\t\t<h2 class=\"elementor-heading-title elementor-size-default\">LA MISION<\/h2>\t\t\t\t<\/div>\n\t\t\t\t<\/div>\n\t\t\t\t<div class=\"elementor-element elementor-element-45a5aa9 elementor-widget elementor-widget-text-editor\" data-id=\"45a5aa9\" data-element_type=\"widget\" data-e-type=\"widget\" data-widget_type=\"text-editor.default\">\n\t\t\t\t<div class=\"elementor-widget-container\">\n\t\t\t\t\t\t\t\t\t<p>Nuestra misi\u00f3n es trabajar en pro de la existencia y las variables que pueden mejorar nuestra calidad de vida. Para ello, la principal herramienta ser\u00e1 evolucionar la conciencia del individuo inform\u00e1ndole sobre las problem\u00e1ticas existentes y sus consecuencias. Luego los guiaremos para ser parte activa con el uso de las artes conectadas y guiadas con el m\u00e1s puro y determinado sentido de humanidad.<\/p><p>Atravez de los \u201cmedios digitales\u201d medios de comunicaci\u00f3npara trasmitir nuestros objetivos, nuestros procesos y nuestros logros expansivamente. Junto a ello, crear nexos con personalidades, artistas y creadores de contenido para juntos crear y producir una serie de eventos de convocatoria p\u00fablica que establezcan un puente directo entre el ciudadano y nuestros especialistas, intentando as\u00ed integrarlos al proceso de la mejor y m\u00e1s efectiva manera.<\/p><p>Eso dar\u00e1 cada d\u00eda m\u00e1s presencia y fuerza al movimiento.<\/p><p>\u201cTodo cambia con los tiempos, pero debemos ser capaces de marcar el sentido del cambio\u201d<\/p><p>Atravez\u00a0de los\u00a0\u201cmedios digitales\u201d\u00a0medios de comunicaci\u00f3npara\u00a0trasmitir\u00a0nue<wbr \/>stros objetivos, nuestros procesos y nuestros logros\u00a0expansivamente.\u00a0Junto a ello,\u00a0crear nexos con personalidades, artistas y\u00a0creadores de contenido\u00a0para juntos\u00a0crear y producir una serie de eventos de convocatoria p\u00fablica que establezcan un puente directo entre el ciudadano y nuestros especialistas,\u00a0intentando as\u00ed\u00a0integrarlos al proceso de la mejor y\u00a0m\u00e1s efectiva manera.<\/p><p>Eso dar\u00e1 cada d\u00eda m\u00e1s\u00a0presencia y\u00a0fuerza al movimiento.<\/p><p>\u201cTodo cambia con los tiempos, pero\u00a0debemos ser capaces de marcar\u00a0el sentido del cambio\u201d<\/p>\t\t\t\t\t\t\t\t<\/div>\n\t\t\t\t<\/div>\n\t\t\t\t<\/div>\n\t\t<div class=\"elementor-element elementor-element-deb193b e-con-full e-flex e-con e-child\" data-id=\"deb193b\" data-element_type=\"container\" data-e-type=\"container\">\n\t\t\t\t<div class=\"elementor-element elementor-element-8967231 elementor-widget elementor-widget-heading\" data-id=\"8967231\" data-element_type=\"widget\" data-e-type=\"widget\" data-widget_type=\"heading.default\">\n\t\t\t\t<div class=\"elementor-widget-container\">\n\t\t\t\t\t<h2 class=\"elementor-heading-title elementor-size-default\">LA VISION\n<\/h2>\t\t\t\t<\/div>\n\t\t\t\t<\/div>\n\t\t\t\t<div class=\"elementor-element elementor-element-a4e1203 elementor-widget elementor-widget-text-editor\" data-id=\"a4e1203\" data-element_type=\"widget\" data-e-type=\"widget\" data-widget_type=\"text-editor.default\">\n\t\t\t\t<div class=\"elementor-widget-container\">\n\t\t\t\t\t\t\t\t\t<p>Trabajar en grupo con artistas personajes p\u00fablicos , creadores de contenido comenzando en nuestra ciudad de Miami Fl Usa, ciudad multicultural con un enfoque nacional he internacional.<\/p><p>Nuestra visi\u00f3n implica convocar la diversidad \u00e9tnica y cultural que habita en nuestra ciudad, para motivarlos a trav\u00e9s de nuestros eventos en escenarios, museos, galer\u00edas y calles, con el mas efectivo discurso art\u00edstico en pro del cambio de conciencia en el hombre, el cuidado de los animales y la vida del planeta.<\/p>\t\t\t\t\t\t\t\t<\/div>\n\t\t\t\t<\/div>\n\t\t\t\t<div class=\"elementor-element elementor-element-aa0906e elementor-widget elementor-widget-heading\" data-id=\"aa0906e\" data-element_type=\"widget\" data-e-type=\"widget\" data-widget_type=\"heading.default\">\n\t\t\t\t<div class=\"elementor-widget-container\">\n\t\t\t\t\t<h2 class=\"elementor-heading-title elementor-size-default\">VALORES<\/h2>\t\t\t\t<\/div>\n\t\t\t\t<\/div>\n\t\t\t\t<div class=\"elementor-element elementor-element-d9b9f29 elementor-widget elementor-widget-text-editor\" data-id=\"d9b9f29\" data-element_type=\"widget\" data-e-type=\"widget\" data-widget_type=\"text-editor.default\">\n\t\t\t\t<div class=\"elementor-widget-container\">\n\t\t\t\t\t\t\t\t\t<p>Tenemos una agenda por cumplir , queremos ser Proactivos, ser parte de la solucion,  uniendonos para trabajar, llevar un mensaje que eduque , motiv\u00e9 , concientice a actuales y futuras generaciones \u201cRedifine Waste\u201d donde se puede cambiar la relacion con la naturaleza partiendo de pequenos actos que puedan generar grandes cambios \u201cUpcycling\u201d.\u201d ARTE CON MISION\u201d nuestro objetivo es mejorar cada dia la relacion Hombre con  nuestra Naturaleza , teniendo como vehiculo El Arte.\u00a0<\/p><p>Nos visualizamos como un gran Pulpo cuyos tent\u00e1culos protegen al Planeta<\/p><p>NUESTRO PRIMER PASO DEL PROYECTO ES: PONER EN MARCHA EL PROYECTO<\/p><p>Estamos listos para comenzar a trabajar,  con nuestra Ciudad del sol Miami, con el apoyo de los oficiales electos, los medios de comunicacion, nuestra comunidad, haciendo una Convocatoria, en la locacion que nos permitan dicha locacion  puede ser el escenario de este movimiento art\u00edstico-humanitario. All\u00ed, con la presencia de la comunidad y destacadas personalidades de nuestra ciudad , en un entorno de Arte y Cultura donde los artistas y creadores de contenido engalanen el evento con un desfile de \u201cArt to Wear\u201d o \u201cArte para Vestir\u201d, una tendencia cada vez m\u00e1s en boga que se identifica perfectamente con nuestros objetivos. Se presentar\u00e1n con apoyo de personalidades creadores de contenido.<\/p><p>1-Para un desfile moda circular<\/p><p>2-Lanzamiento de revista<\/p><p>3-Jornada de valuaci\u00f3n y esterilizaci\u00f3n de animales con Miami Dade Animal Service<\/p><p>Haremos una hermosa selecci\u00f3n de animales sin hogar e invitaremos a un grupo de artistas y personalidades para que sean sus padrinos. Para lograrlo deben estar unos d\u00edas en contacto con ellos aprendiendo de especialistas, proceso que documentaremos de forma audiovisual y deber\u00e1 ser expuesto en los medios.<\/p><p>Como evento central, dise\u00f1aremos una pasarela en la cual cada padrino ser\u00e1 el vocero de la presentaci\u00f3n de su grupo de animales, los cuales ser\u00e1n paseados frente a los asistentes con la esperanza de que sean adoptados. Gran parte del capital colectado de este evento servir\u00e1 para crear hogares modulares para el rescate de diversas especies (Santuarios) y para nuevos desarrollos de nuestro proyecto. Artistas de la m\u00fasica, el canto, las artes esc\u00e9nicas y de la pl\u00e1stica encontrar\u00e1n en nuestra sede, un lugar para canalizar sus inquietudes y proyectos en pro de la vida, los seres vivos y el planeta. Necesitamos su apoyo para encender la llama de este fuego lleno de vida, total estamos de Paseo por la vida y todo lo vivo merece una segunda oportunidad!<\/p><p>El d\u00eda del evento del evento, convocaremos a patrocinadores y marcas que otorguen bonos a quienes adopten a nuestras mascotas. Y que se cree un enlace entre estos servicios y marcas, y quienes les ofrecen un nuevo hogar. Estos bonos ser\u00e1n cambiados en sus tiendas y ello le resultar\u00e1 beneficioso a la uni\u00f3n entre consumidores y suplidores.<\/p><p>\u201cEsto, m\u00e1s que un sue\u00f1o, es el inicio de un cambio en la conciencia de quienes habitan nuestra Ciudad de Miami.<\/p>\t\t\t\t\t\t\t\t<\/div>\n\t\t\t\t<\/div>\n\t\t\t\t<\/div>\n\t\t\t\t<\/div>\n\t\t\t\t<\/div>","protected":false},"excerpt":{"rendered":"<p>For us, WALKING means observing, listening, feeling, even thinking, reflecting, transforming and, of course, doing it with a perceptive attitude\u2026 Doing it to learn. I ask you, isn&#8217;t that the reason for living? THE MISSION Our mission is to work for the existence and variables that can improve our quality of life. To do this, [&hellip;]<\/p>\n","protected":false},"author":1,"featured_media":0,"parent":0,"menu_order":0,"comment_status":"closed","ping_status":"closed","template":"","meta":{"_coblocks_attr":"","_coblocks_dimensions":"","_coblocks_responsive_height":"","_coblocks_accordion_ie_support":"","footnotes":""},"class_list":["post-11","page","type-page","status-publish","hentry"],"blocksy_meta":{"has_hero_section":"disabled","styles_descriptor":{"styles":{"desktop":"","tablet":"","mobile":""},"google_fonts":[],"version":6}},"_links":{"self":[{"href":"https:\/\/depaseoporlavida.org\/es\/wp-json\/wp\/v2\/pages\/11","targetHints":{"allow":["GET"]}}],"collection":[{"href":"https:\/\/depaseoporlavida.org\/es\/wp-json\/wp\/v2\/pages"}],"about":[{"href":"https:\/\/depaseoporlavida.org\/es\/wp-json\/wp\/v2\/types\/page"}],"author":[{"embeddable":true,"href":"https:\/\/depaseoporlavida.org\/es\/wp-json\/wp\/v2\/users\/1"}],"replies":[{"embeddable":true,"href":"https:\/\/depaseoporlavida.org\/es\/wp-json\/wp\/v2\/comments?post=11"}],"version-history":[{"count":40,"href":"https:\/\/depaseoporlavida.org\/es\/wp-json\/wp\/v2\/pages\/11\/revisions"}],"predecessor-version":[{"id":92,"href":"https:\/\/depaseoporlavida.org\/es\/wp-json\/wp\/v2\/pages\/11\/revisions\/92"}],"wp:attachment":[{"href":"https:\/\/depaseoporlavida.org\/es\/wp-json\/wp\/v2\/media?parent=11"}],"curies":[{"name":"wp","href":"https:\/\/api.w.org\/{rel}","templated":true}]}}

<div data-elementor-type="wp-page" data-elementor-id="11" class="elementor elementor-11">
				<div class="elementor-element elementor-element-26172eb e-con-full e-flex e-con e-parent" data-id="26172eb" data-element_type="container" data-e-type="container" data-settings="{&quot;background_background&quot;:&quot;classic&quot;}">
		<div class="elementor-element elementor-element-c23c781 e-con-full e-flex e-con e-child" data-id="c23c781" data-element_type="container" data-e-type="container">
				<div class="elementor-element elementor-element-32efd42 elementor-widget elementor-widget-text-editor" data-id="32efd42" data-element_type="widget" data-e-type="widget" data-widget_type="text-editor.default">
				<div class="elementor-widget-container">
									<p>Para nosotros  
PASEAR implica observar, escuchar, sentir, inclusive pensar, 
reflexionar, transformar y por supuesto, hacerlo en actitud perceptiva…
Hacerlo para aprender. 
Les pregunto, ¿no es esa la razón de vivir?</p><p>Doing it to learn. I ask you, isn&#8217;t that the reason for living?</p>								</div>
				</div>
				</div>
		<div class="elementor-element elementor-element-be277f8 e-con-full e-flex e-con e-child" data-id="be277f8" data-element_type="container" data-e-type="container">
				<div class="elementor-element elementor-element-e20c94f elementor-widget elementor-widget-heading" data-id="e20c94f" data-element_type="widget" data-e-type="widget" data-widget_type="heading.default">
				<div class="elementor-widget-container">
					<h2 class="elementor-heading-title elementor-size-default">LA MISION</h2>				</div>
				</div>
				<div class="elementor-element elementor-element-45a5aa9 elementor-widget elementor-widget-text-editor" data-id="45a5aa9" data-element_type="widget" data-e-type="widget" data-widget_type="text-editor.default">
				<div class="elementor-widget-container">
									<p>Nuestra misión es trabajar en pro de la existencia y las variables que pueden mejorar nuestra calidad de vida. Para ello, la principal herramienta será evolucionar la conciencia del individuo informándole sobre las problemáticas existentes y sus consecuencias. Luego los guiaremos para ser parte activa con el uso de las artes conectadas y guiadas con el más puro y determinado sentido de humanidad.</p><p>Atravez de los “medios digitales” medios de comunicaciónpara trasmitir nuestros objetivos, nuestros procesos y nuestros logros expansivamente. Junto a ello, crear nexos con personalidades, artistas y creadores de contenido para juntos crear y producir una serie de eventos de convocatoria pública que establezcan un puente directo entre el ciudadano y nuestros especialistas, intentando así integrarlos al proceso de la mejor y más efectiva manera.</p><p>Eso dará cada día más presencia y fuerza al movimiento.</p><p>“Todo cambia con los tiempos, pero debemos ser capaces de marcar el sentido del cambio”</p><p>Atravez de los “medios digitales” medios de comunicaciónpara trasmitir nue<wbr />stros objetivos, nuestros procesos y nuestros logros expansivamente. Junto a ello, crear nexos con personalidades, artistas y creadores de contenido para juntos crear y producir una serie de eventos de convocatoria pública que establezcan un puente directo entre el ciudadano y nuestros especialistas, intentando así integrarlos al proceso de la mejor y más efectiva manera.</p><p>Eso dará cada día más presencia y fuerza al movimiento.</p><p>“Todo cambia con los tiempos, pero debemos ser capaces de marcar el sentido del cambio”</p>								</div>
				</div>
				</div>
		<div class="elementor-element elementor-element-deb193b e-con-full e-flex e-con e-child" data-id="deb193b" data-element_type="container" data-e-type="container">
				<div class="elementor-element elementor-element-8967231 elementor-widget elementor-widget-heading" data-id="8967231" data-element_type="widget" data-e-type="widget" data-widget_type="heading.default">
				<div class="elementor-widget-container">
					<h2 class="elementor-heading-title elementor-size-default">LA VISION
</h2>				</div>
				</div>
				<div class="elementor-element elementor-element-a4e1203 elementor-widget elementor-widget-text-editor" data-id="a4e1203" data-element_type="widget" data-e-type="widget" data-widget_type="text-editor.default">
				<div class="elementor-widget-container">
									<p>Trabajar en grupo con artistas personajes públicos , creadores de contenido comenzando en nuestra ciudad de Miami Fl Usa, ciudad multicultural con un enfoque nacional he internacional.</p><p>Nuestra visión implica convocar la diversidad étnica y cultural que habita en nuestra ciudad, para motivarlos a través de nuestros eventos en escenarios, museos, galerías y calles, con el mas efectivo discurso artístico en pro del cambio de conciencia en el hombre, el cuidado de los animales y la vida del planeta.</p>								</div>
				</div>
				<div class="elementor-element elementor-element-aa0906e elementor-widget elementor-widget-heading" data-id="aa0906e" data-element_type="widget" data-e-type="widget" data-widget_type="heading.default">
				<div class="elementor-widget-container">
					<h2 class="elementor-heading-title elementor-size-default">VALORES</h2>				</div>
				</div>
				<div class="elementor-element elementor-element-d9b9f29 elementor-widget elementor-widget-text-editor" data-id="d9b9f29" data-element_type="widget" data-e-type="widget" data-widget_type="text-editor.default">
				<div class="elementor-widget-container">
									<p>Tenemos una agenda por cumplir , queremos ser Proactivos, ser parte de la solucion,  uniendonos para trabajar, llevar un mensaje que eduque , motivé , concientice a actuales y futuras generaciones “Redifine Waste” donde se puede cambiar la relacion con la naturaleza partiendo de pequenos actos que puedan generar grandes cambios “Upcycling”.” ARTE CON MISION” nuestro objetivo es mejorar cada dia la relacion Hombre con  nuestra Naturaleza , teniendo como vehiculo El Arte. </p><p>Nos visualizamos como un gran Pulpo cuyos tentáculos protegen al Planeta</p><p>NUESTRO PRIMER PASO DEL PROYECTO ES: PONER EN MARCHA EL PROYECTO</p><p>Estamos listos para comenzar a trabajar,  con nuestra Ciudad del sol Miami, con el apoyo de los oficiales electos, los medios de comunicacion, nuestra comunidad, haciendo una Convocatoria, en la locacion que nos permitan dicha locacion  puede ser el escenario de este movimiento artístico-humanitario. Allí, con la presencia de la comunidad y destacadas personalidades de nuestra ciudad , en un entorno de Arte y Cultura donde los artistas y creadores de contenido engalanen el evento con un desfile de “Art to Wear” o “Arte para Vestir”, una tendencia cada vez más en boga que se identifica perfectamente con nuestros objetivos. Se presentarán con apoyo de personalidades creadores de contenido.</p><p>1-Para un desfile moda circular</p><p>2-Lanzamiento de revista</p><p>3-Jornada de valuación y esterilización de animales con Miami Dade Animal Service</p><p>Haremos una hermosa selección de animales sin hogar e invitaremos a un grupo de artistas y personalidades para que sean sus padrinos. Para lograrlo deben estar unos días en contacto con ellos aprendiendo de especialistas, proceso que documentaremos de forma audiovisual y deberá ser expuesto en los medios.</p><p>Como evento central, diseñaremos una pasarela en la cual cada padrino será el vocero de la presentación de su grupo de animales, los cuales serán paseados frente a los asistentes con la esperanza de que sean adoptados. Gran parte del capital colectado de este evento servirá para crear hogares modulares para el rescate de diversas especies (Santuarios) y para nuevos desarrollos de nuestro proyecto. Artistas de la música, el canto, las artes escénicas y de la plástica encontrarán en nuestra sede, un lugar para canalizar sus inquietudes y proyectos en pro de la vida, los seres vivos y el planeta. Necesitamos su apoyo para encender la llama de este fuego lleno de vida, total estamos de Paseo por la vida y todo lo vivo merece una segunda oportunidad!</p><p>El día del evento del evento, convocaremos a patrocinadores y marcas que otorguen bonos a quienes adopten a nuestras mascotas. Y que se cree un enlace entre estos servicios y marcas, y quienes les ofrecen un nuevo hogar. Estos bonos serán cambiados en sus tiendas y ello le resultará beneficioso a la unión entre consumidores y suplidores.</p><p>“Esto, más que un sueño, es el inicio de un cambio en la conciencia de quienes habitan nuestra Ciudad de Miami.</p>								</div>
				</div>
				</div>
				</div>
				</div>
